c. Let s be c/(1 - (2 - 0)). Suppose 4*o - r - 7 = 0, -3*o = -s*r - r - 5. What are the prime factors of o?
2
Suppose -q = 3*q + 3*s - 16, -2*s = 3*q - 13. Suppose -4*l - 4 = 0, -17 = -q*i + 3*i - 3*l. Suppose -36 = 2*a - i*a. What are the prime factors of a?
2, 3
Let p(i) = -i**3 - 3*i**2 + 3*i + 1. Let v be p(-2). Let f(x) = x**2 + 8*x - 7. Let q be f(v). Let s = q - -3. List the prime factors of s.
5
What are the prime factors of 364/12 + (-1)/3?
2, 3, 5
Let p(w) = -w**3 - 2*w**2 + 3*w + 1. Let j be p(3). Let q = j - -221. List the prime factors of (-6)/10 - q/(-10).
2, 3
Suppose 0 = -3*t - 4*t + 231. List the prime factors of t.
3, 11
Let z be (0 - -9)/(-3) - -21. Suppose -2*b = -b - z. List the prime factors of b.
2, 3
Suppose -s + 7 - 1 = 0. Let p = s + -7. Let b = p + 8. What are the prime factors of b?
7
What are the prime factors of -1 + (136/2 - -2)?
3, 23
Let z = -104 - -146. What are the prime factors of z?
2, 3, 7
Suppose m - 5*n + 20 = 0, -5*n + 0*n = -20. Suppose m*p + 5*p = 15. Suppose w + 38 = 3*y, -p*w = 2*y - 2 - 5. List the prime factors of y.
11
Let r(h) = h**2 - 5*h - 5. Suppose o - 6 = 1. Let x be r(o). Suppose -x = -z + j, 2*z - j - 6 = 9. List the prime factors of z.
2, 3
Let p be 15/6 - 24/(-16). Suppose p*c - c = 141. What are the prime factors of c?
47
Let x(h) = h**2 + 2*h + 1. Let r be x(-3). Suppose 2*o = -s + 15, r*o - 30 = 2*o + 4*s. List the prime factors of o.
3
Let x = -4 + 6. Suppose 0 = -g + 4*q, 2*q + q = -x*g. Suppose k + g*k - 13 = 0. List the prime factors of k.
13
Let f(d) = -d**3 + 5*d**2 + d - 2. Let r be f(5). Suppose -x + r*x = 10. List the prime factors of x.
5
Suppose 9 = -3*c - 2*q + 26, 0 = -5*q - 25. Suppose c = -3*p + 78. Suppose 3*v = 2*m + p, -2*v + 3*m + 9 = -8. List the prime factors of v.
7
Let x(z) = -z**3 - 3*z**2 + 6*z + 2. Let j be x(-4). List the prime factors of ((-86)/j)/(20/60).
43
Suppose v - 630 = -5*k + 107, 3*v + 582 = 4*k. List the prime factors of k.
3, 7
Let f(c) = 4*c - 8. Let k be f(-4). Let p = 40 + k. List the prime factors of p.
2
Let k(t) = -37*t**3 + t**2 + 2*t + 2. List the prime factors of k(-1).
2, 19
Let f = -24 - -36. What are the prime factors of f?
2, 3
Let x(l) = 2*l**2 - 2*l - 12. What are the prime factors of x(-4)?
2, 7
Suppose -2*p = -7 + 3. Suppose 0 = -m - m - 4. What are the prime factors of m/3*-6*p?
2
Suppose 134 = z + 9. List the prime factors of z.
5
Let w be (-3)/1*(-4)/2. Suppose 3*i + 6 + w = 0. What are the prime factors of i/10 - (-164)/10?
2
Suppose -a = 4*a - n - 194, 80 = 2*a + 2*n. List the prime factors of a.
3, 13
Let r(i) be the first derivative of -2*i**3 - 3*i + 2 + 7/2*i**2 + 1/4*i**4. What are the prime factors of r(5)?
7
Let s(u) = -16*u - 1. Let a be 1/(-1*(0 + 1)). List the prime factors of s(a).
3, 5
Suppose 0 = -d - 3*g - 4 - 3, 2*g + 6 = 0. List the prime factors of d.
2
Suppose -g + 0*g - 62 = 0. Let c = -32 - g. What are the prime factors of c?
2, 3, 5
Let b(j) = -j**3 - 8*j**2 + 8*j - 6. Suppose -g - 9 = -0. Let n be b(g). Suppose -2*q + 70 = n*q + 4*y, 2*q + 3*y - 35 = 0. What are the prime factors of q?
2, 5
Suppose -5*z + 2146 = 136. What are the prime factors of z/14 + (-2)/(-7)?
29
Suppose -4*c - 10 = -62. Let d be (24/16)/((-3)/16). What are the prime factors of c/4 - (-2)/d?
3
Let i be ((-18)/10)/(1/(-5)). What are the prime factors of (-2)/((-15)/i - -1)?
3
Let d(r) = r. Suppose -3*m = 2*m. Suppose -5 = 5*t - 3*f + 8*f, m = -5*f - 25. List the prime factors of d(t).
2
Let a(v) = -6*v + 9. List the prime factors of a(-8).
3, 19
Let l(b) = 2*b**2 + b - 2. List the prime factors of l(-4).
2, 13
What are the prime factors of (-4)/(-6) + (-2312)/(-24)?
97
Suppose -7*o + 9*o - 8 = 0. Let i(j) = j**3 - 3*j**2 + 4*j + 2. List the prime factors of i(o).
2, 17
Let k = -5 - -8. Suppose 17 = k*c - 1. Suppose 2*h - c*h = -16. What are the prime factors of h?
2
Let n = 85 + -48. Suppose n = 3*w - 20. List the prime factors of w.
19
Let x = 4 - 2. Suppose g + 14 = -x*f, 5*f + 14 = -g + 2*g. List the prime factors of (-1 + -1)*15/g.
5
Suppose -k + 86 = -3*t - t, -88 = -k + 2*t. List the prime factors of k.
2, 3, 5
Let q(m) = 10*m**2 + 3*m + 10. What are the prime factors of q(3)?
109
Let a be 392/20 - 4/(-10). Let j = a - 12. What are the prime factors of j?
2
Let z be (-5)/(-1 - 4/(-6)). Suppose -2*g + 23 = 5*x, -4*x + 2*g - 7*g + z = 0. List the prime factors of x.
5
Suppose 5*o + 3*q = 734, q - 2 = 1. Suppose -d - 2*u + 29 = -0*u, -o = -5*d - 5*u. What are the prime factors of d?
29
Suppose 0 = c - 2*o - o - 73, 1 = -o. List the prime factors of c.
2, 5, 7
Suppose 2*c + 254 = -i + 3*i, 3*i = -c + 397. What are the prime factors of i?
131
Suppose 34 = 5*v - 3*v. Let k = v + -7. List the prime factors of k.
2, 5
Suppose 3*c + 4*x = c + 68, 4*c + 2*x = 130. Suppose -3*k = t - c, -2*k + 30 = 2*k - 5*t. List the prime factors of k.
2, 5
Let p be (0/1 - 3) + -1. What are the prime factors of (5 + p)*(17 - 1)?
2
Suppose 5*k - 4*k - 21 = 0. Suppose -j + k + 9 = 0. List the prime factors of j.
2, 3, 5
Suppose 2*r = -5*h - 5 - 24, 6 = -3*r + 5*h. Let d = 19 + r. List the prime factors of d.
2, 3
Suppose 9 + 2 = z. What are the prime factors of 5/((-15)/(-6)) + z?
13
Let z be 1096/(-10) + 3/5. Let v = -64 - z. Suppose 0*a = 3*a - v. List the prime factors of a.
3, 5
Suppose -3*c + 2 + 7 = 0. Let m = -5 + c. What are the prime factors of (6*-1)/(3/m)?
2
Let g = -21 - -31. Let n be ((-4)/g)/(-1)*-15. Let b(s) = -s**3 - 5*s**2 + 5*s + 2. What are the prime factors of b(n)?
2
Let r be 3/(-4) - (-76)/16. Suppose -y + 11 = -r*w, 29 + 42 = 5*y - 4*w. What are the prime factors of (1 + y)*(-8)/(-16)?
2
Let b(d) = d + 11. Suppose 3*m - 5*s + 12 = 0, 3*m + 5*s = 5*m + 3. Let c be b(m). Suppose -4 = -c*z - 0*z. List the prime factors of z.
2
Let b be (3 - (2 - 0)) + 2. Suppose s + 3*g = 7*g + 21, -b*g = 9. List the prime factors of s.
3
Suppose 2*z + 24 = -3*f + 5*z, 0 = 3*f + 3*z. List the prime factors of (-1246)/(-63) - f/18.
2, 5
Suppose 5*k - 3*l - 9 = 26, -3*k - 3*l - 3 = 0. Suppose -x - k = -3*x. Let u(d) = 4*d. List the prime factors of u(x).
2
Let h(z) = 1 - 4*z**2 + 5 + 5*z**2 - 15*z + 7*z. Suppose s = 4*s - 24. List the prime factors of h(s).
2, 3
Let m(d) = -5*d + 7. Let a(v) = -1. Let l(t) = -6*t + 13. Let i(n) = 5*a(n) + l(n). Let u(r) = 2*i(r) - 3*m(r). What are the prime factors of u(7)?
2
Suppose 5*j = 6 - 81. Let r be (2 + 0 - j) + -2. Suppose 2*q - 7*q - 3*l = -75, 3*l = r. List the prime factors of q.
2, 3
Suppose 0 = -2*m + 2 + 8. Suppose -m*d = -34 - 71. Suppose 4*k = k + d. List the prime factors of k.
7
Suppose -5*o = -g + 25, -3*g - 3*o + 15 = -6*o. Suppose 2*i - 37 - 9 = 0. Suppose i = -g*u + 2*u - a, -5*u + 62 = -a. What are the prime factors of u?
13
Suppose -4*n + 31 - 11 = 0, -2*n = 4*w + 90. What are the prime factors of ((-74)/(-10))/((-5)/w)?
37
Let m(c) = -c**3 + 7*c**2 + 5*c + 2. List the prime factors of m(7).
37
Suppose 39 = -5*y + 14. Let s = y + 11. List the prime factors of s.
2, 3
Suppose -q - 5*d = -10, 2*q - 18 = 5*d + 17. What are the prime factors of q?
3, 5
Suppose 5*j + 9 - 149 = 0. List the prime factors of j.
2, 7
Let k = -69 + 172. What are the prime factors of k?
103
Let s(y) = 5*y + 1. Let q(u) = 14*u + 3. Let z(g) = 6*q(g) - 17*s(g). Let i(j) = -j - 6. Let b be i(-3). List the prime factors of z(b).
2
Let f(b) be the third derivative of -b**5/120 + 3*b**4/4 + b**3/2 + 3*b**2. Let z(y) be the first derivative of f(y). List the prime factors of z(0).
2, 3
Let i(o) = -o**3 + 2*o**2 + 6*o - 8. Let d be i(5). Let l = -21 - d. What are the prime factors of l?
2
Suppose q = 3*a + 9, 2*a - 4 - 6 = -2*q. Suppose 2*o + 2*g = q - 0, -2*o - 4*g + 6 = 0. What are the prime factors of o?
3
Let u = 63 + -30. List the prime factors of u.
3, 11
Suppose -4*t - 11 = -5*t. List the prime factors of t.
11
Suppose -r = -2*r + 5*d - 2, -5*r = 4*d - 48. Suppose -25 = -3*b - 4*z, 6*z - 4*z = r. List the prime factors of b.
3
Suppose -2*r + 2*j + 29 = 7*j, 3*r - 21 = -3*j. Suppose -r*u - 5 = 3*u, -s = u - 9. Let d = s - 2. List the prime factors of d.
2
Suppose 0 = 7*o + 666 - 2255. What are the prime factors of o?
227
Suppose -2*q + 154 + 92 = 0. List the prime factors of q.
3, 41
Let w be (12/10)/(8/60). Let f = w 